, what is 411636 + 4?
411641
In base 9, what is 528267 + 13?
528281
In base 3, what is 11 + 1002221010?
1002221021
In base 3, what is 1020020211222 + 10?
1020020212002
In base 6, what is 14334 - 2?
14332
In base 9, what is -26 - -1000?
863
In base 12, what is b8 + 602?
6ba
In base 5, what is -11 + -42314423?
-42314434
In base 13, what is 76a81 + 14?
76a95
In base 9, what is 15664 + 33?
15707
In base 12, what is 4 - 42476?
-42472
In base 13, what is -13 + -14520?
-14533
In base 15, what is -10d904 - -4?
-10d900
In base 8, what is -65575 + 57?
-65516
In base 16, what is -3 - 96529?
-9652c
In base 5, what is 4332 - -300?
10132
In base 6, what is 0 + 512234?
512234
In base 16, what is -18204 - 4?
-18208
In base 2, what is -1111000011011101 - -1101?
-1111000011010000
In base 5, what is -4 + 310412?
310403
In base 10, what is -191025 + 0?
-191025
In base 9, what is -16736 - -322?
-16414
In base 2, what is -11110100111000 - 101?
-11110100111101
In base 8, what is 4 - -253435?
253441
In base 7, what is 1021216 - 0?
1021216
In base 9, what is 263312 - -5?
263317
In base 5, what is -4 + -1344034?
-1344043
In base 10, what is 2 + -8539?
-8537
In base 16, what is -133 - 366?
-499
In base 16, what is 0 - -2065a?
2065a
In base 3, what is 20110220021 - -2?
20110220100
In base 14, what is -3c + 6c3?
685
In base 10, what is -1 + -13760?
-13761
In base 10, what is 197 + 20?
217
In base 8, what is -156223 + -1?
-156224
In base 15, what is 4a2052 - -3?
4a2055
In base 9, what is 4 + -7133?
-7128
In base 7, what is -215444 - -3?
-215441
In base 16, what is -5e + -6de3?
-6e41
In base 2, what is 101111111000010 + 101?
101111111000111
In base 14, what is 168 + -b0?
98
In base 8, what is -20236224 + -4?
-20236230
In base 7, what is 360 - -226?
616
In base 7, what is -11155 - 2?
-11160
In base 11, what is -3 + 17859?
17856
In base 12, what is 3 - 4141?
-413a
In base 9, what is 14567 + 15?
14583
In base 5, what is 400 - 1022?
-122
In base 16, what is -4 + -38cb?
-38cf
In base 9, what is 170 - -17?
187
In base 5, what is 113213 + -24?
113134
In base 11, what is 34474 + 20?
34494
In base 14, what is 0 - -49919?
49919
In base 15, what is -181a8 - 4?
-181ac
In base 7, what is -2 + 5013?
5011
In base 8, what is -36 + 12002?
11744
In base 9, what is -2 + -166370?
-166372
In base 12, what is 262 - 2b2?
-50
In base 5, what is -232111433 - -1?
-232111432
In base 6, what is -3 - 23522053?
-23522100
In base 3, what is 1121 - 20020?
-11122
In base 9, what is 300883 + -5?
300877
In base 7, what is -13 + 63145?
63132
In base 7, what is -51 - -134434?
134353
In base 15, what is -ce1a - 3?
-ce1d
In base 12, what is 0 + 4a9b?
4a9b
In base 2, what is -11111000 + 101011010100?
100111011100
In base 6, what is 5225 - -110?
5335
In base 11, what is -2 - -1423?
1421
In base 8, what is -5 - 7637?
-7644
In base 10, what is 1281329 + -4?
1281325
In base 4, what is 22333112100 + 10?
22333112110
In base 11, what is -51733 + -11?
-51744
In base 3, what is 10 + -11211200?
-11211120
In base 5, what is 333411023 + 4?
333411032
In base 14, what is -4 + -b32?
-b36
In base 2, what is -101010 - 1000100110?
-1001010000
In base 5, what is 0 + -302333?
-302333
In base 10, what is -5 - -12199?
12194
In base 9, what is 5715 + -2?
5713
In base 12, what is 40 + -a5a1?
-a561
In base 8, what is 176 + -11672?
-11474
In base 9, what is 2 + -64317?
-64315
In base 10, what is -4 + -10531?
-10535
In base 11, what is -44 + -2813?
-2857
In base 11, what is -14 + 72a87?
72a73
In base 3, what is -201121112 - 1?
-201121120
In base 9, what is -138 - -1?
-137
In base 14, what is 4 - 334a14?
-334a10
In base 10, what is -140 - 469?
-609
In base 7, what is -2326412 - 3?
-2326415
In base 5, what is 133411103 + 0?
133411103
In base 12, what is -15 + -6798?
-67b1
In base 8, what is 2 + -1663131?
-1663127
In base 8, what is -11477 - 20?
-11517
In base 2, what is -10111 + 10100100001?
10100001010
In base 5, what is 0 + 13324343?
13324343
In base 14, what is 363 - -55a?
8bd
In base 5, what is 343 - 13000?
-12102
In base 14, what is -95 - -549?
494
In base 2, what is -111111 + 10011101?
1011110
In base 3, what is -2 - -1021011111?
1021011102
In base 2, what is -1001101001100111101 + 11?
-1001101001100111010
In base 13, what is -2 - -56897?
56895
In base 13, what is -98 - 51b?
-5b6
In base 12, what is -1a16 + 1?
-1a15
In base 6, what is 5 + 13105542?
13105551
In base 8, what is 0 - 1517454?
-1517454
In base 7, what is -422 + -153?
-605
In base 4, what is -11313 - -21?
-11232
In base 6, what is 1331430 + 1?
1331431
In base 13, what is 2184 - -2a7?
245b
In base 13, what is -75 - 17a5?
-184a
In base 7, what is 3 + -1005444?
-1005441
In base 5, what is 1233424002 + 0?
1233424002
In base 10, what is -5 - 32080?
-32085
In base 13, what is -18ac9 + 12?
-18ab7
In base 15, what is 250 - 15?
23a
In base 12, what is 10a1 - 1?
10a0
In base 14, what is -2 - 15510?
-15512
In base 4, what is 11 + -13033201?
-13033130
In base 7, what is 1343322 + -10?
1343312
In base 3, what is 20 - 1102210102222?
-1102210102202
In base 12, what is -1328 - 0?
-1328
In base 8, what is -3555 + -175?
-3752
In base 8, what is -1 + 1242736?
1242735
In base 11, what is -a9064 + -5?
-a9069
In base 7, what is -3 + -5622644?
-5622650
In base 15, what is -a182 - -1?
-a181
In base 13, what is 19043 - -6?
19049
In base 11, what is 9022 - -6?
9028
In base 4, what is -10 - -3301111?
3301101
In base 4, what is -302 - 3131022?
-3131330
In base 4, what is -10331313 + 2?
-10331311
In base 4, what is 122320201 + 1?
122320202
In base 14, what is -c6 - -ba?
-a
In base 6, what is 4 - 412013?
-412005
In base 9, what is 15411 + -2?
15408
In base 3, what is 2012022210 + 101?
2012100011
In base 15, what is -222332 + -5?
-222337
In base 8, what is -442 - -160?
-262
In base 10, what is 101 - 2316?
-2215
In base 15, what is 3 + cc592?
cc595
In base 16, what is -56bc3 + 3?
-56bc0
In base 13, what is -5 - 54355?
-5435a
In base 12, what is 4 - -1643?
1647
In base 14, what is 2d4da - -1?
2d4db
In base 12, what is 13076 - -64?
1311a
In base 13, what is -1 + 382967?
382966
In base 11, what is 3 + 103471?
103474
In base 9, what is 8820 - -10?
8830
In base 14, what is 88952 - 4?
8894c
In base 13, what is 1 + 96b0?
96b1
In base 2, what is 100 - -1101110010010010?
1101110010010110
In base 4, what is 2 + -22012?
-22010
In base 13, what is -1738 - 24?
-175c
In base 8, what is -107344 + -1?
-107345
In base 2, what is 111101 - 1101101100100?
-1101100100111
In base 3, what is -1 + -1110202121?
-1110202122
In base 9, what is -1527606 - -6?
-1527600
In base 2, what is -1111 + 1101011011?
1101001100
In base 15, what is 3263 - 1a?
3248
In base 15, what is -21255 + -5?
-2125a
In base 7, what is -3160464 + -3?
-3160500
In base 8, what is -14 - -35131?
35115
In base 2, what is -11011111110 + -100?
-11100000010
In base 8, what is -701 - 76?
-777
In base 8, what is -4 - 27342?
-27346
In base 14, what is 189463 + 4?
189467
In base 13, what is -1 + 6636?
6635
In base 13, what is -48c4 + 11?
-48b3
In base 16, what is 2 - 2dab6?
-2dab4
In base 3, what is -10000101 + 1210?
-2221121
In base 13, what is 1 - 1510?
-150c
In base 7, what is 650 + -123341?
-122361
In base 2, what is -10001101 + -1110110000?
-10000111101
In base 9, what is 33754 + -66?
33677
In base 6, what is 255111 - -2?
255113
In base 14, what is 12c2 + -19?
12a7
In base 14, what is -47 + -32?
-79
In base 6, what is 1 - 1013505?
-1013504
In base 12, what is 6aa + 21?
70b
In base 14, what is -2 + 46a4?
46a2
In base 3, what is 21101010 + -100110?
21000200
In base 10, what is 1 - -13891?
13892
In base 4, what is 2001120 + -11?
2001103
In base 3, what is -20220112011 - 12?
-20220112100
In base 4, what is 11331131 + -10?
11331121
In base 11, what is 4 - -112888?
112891
In base 7, what is -1425116 + 0?
-1425116
In base 5, what is 20201 + -10?
20141
In base 5, what is -230333 + -10334?
-241222
In base 9, what is -3 + -1526?
-1530
In base 5, what is -112432 - 102?
-113034
In base 10, what is -2693214 + -4?
-2693218
In base 12, what is 7 - -2304b?
23056
In base 5, what is -12140220 - -2?
-12140213
In base 9, what is -4787 - 40?
-4837
In base 6, what is -5 + -2040420?
-2040425
In base 2, what is -100001 + -11000100001?
-11001000010
In base 8, what is 7351 - -1427?
1100